 6*y**2 - 3. Let k be t(6). Let q be 18/k*20/(-6). Let w(c) = 9*c + 5. Let g be w(5). Calculate the greatest common divisor of g and q.
10
Let k be (18/7)/((-15)/(-70)). Suppose -k = -4*w + 2*w. Calculate the greatest common divisor of w and 6.
6
Let i(h) = h**2 + 45. Let r be i(0). Suppose -2*m = -5*m + 15. What is the greatest common factor of m and r?
5
Suppose 5*y + 7 = -k, 4*k + 8 - 26 = 3*y. Suppose -g = 5*m - 582, 308 = 5*m + k*g - 268. What is the highest common factor of m and 13?
13
Suppose -t = 3*j + 2*t + 3, 0 = 2*j - 3*t - 18. Suppose -3*w = j*z - 177, -2*w = -4*w + 4. Let x = z + -27. Calculate the greatest common divisor of 15 and x.
15
Suppose -2*i + 18 = 2*h, -2*h + 4*i + 0 = -6. Let w be (-4)/(-14) - 74/14. Let k be (14/w)/((-7)/35). What is the greatest common factor of h and k?
7
Let m = -89 + 127. What is the greatest common divisor of m and 266?
38
Let z = -23 - -28. Calculate the highest common factor of z and 2.
1
Let f(s) = s + 3. Let g be f(-6). Let r be (1 + 1/g)*33. Let j = r + -8. Calculate the highest common divisor of 154 and j.
14
Let i = -29 - -41. Let l be 76/16 + i/(-16). Suppose 0*z + 7 = z - 3*j, 2*z = 2*j + 6. What is the greatest common factor of z and l?
1
Suppose -29 = -4*z - 9. Let r(m) = 5*m - 9. Let q be r(z). What is the highest common factor of 2 and q?
2
Let h be 3/(-8) - 332/(-32). Calculate the greatest common factor of h and 80.
10
Let o(k) = -4*k - k - 1 - 4 + 2. Let h be o(-9). What is the greatest common factor of 6 and h?
6
Let v(z) = z - 6. Let f be v(6). Suppose -5*h + f*h = -30. What is the highest common divisor of h and 30?
6
Suppose 3*s - 36 = 6*s. Let g be ((-14)/3)/(4/s). Suppose 8 = b - g. Calculate the highest common factor of 33 and b.
11
Suppose -3*c - 49 = -2*u, 3*u + 126 = 8*u - 4*c. What is the highest common divisor of 39 and u?
13
Let l be (-3)/5 - 130/(-50). Let y be (47 - 3)*(l + 0). What is the greatest common factor of y and 8?
8
Let z = -96 + 148. Let q be (2 - 3)*13*-1. What is the greatest common factor of q and z?
13
Let h(y) = -y + 1. Let u(g) = -2*g**2 + 15*g - 2. Let b(v) = -5*h(v) - u(v). Let w be b(7). What is the greatest common divisor of 200 and w?
25
Suppose -91 = 15*w - 436. What is the highest common divisor of 253 and w?
23
Let s(q) = -q**2 + 11*q - 14. Let c be s(9). Suppose 3*v - v - 8 = 0. Calculate the greatest common divisor of c and v.
4
Suppose -2*s = 3*s + 4*k - 74, -2*s + 32 = k. What is the greatest common divisor of s and 18?
18
Suppose 3*t - 32 = -t. Let s(n) = 55*n**3 + n**2 - n + 1. Let g be s(1). Calculate the greatest common divisor of t and g.
8
Suppose -3*m + m + 10 = 2*p, 0 = 5*p - m - 31. Suppose 3*h + 52 = 2*v + 4, -p = -v - 3*h. Let s = -342 + 504. Calculate the highest common factor of v and s.
18
Let l(u) = -4*u**3 - 4*u**2 + u - 1. Let b be l(-3). Suppose 0 = 2*a - 0*a - b. Let d be 18/30 + 422/5. Calculate the highest common factor of a and d.
17
Let w = -35 - -85. Calculate the highest common divisor of w and 20.
10
Let g = 538 - 384. Suppose 3 - 25 = -a. Calculate the highest common divisor of g and a.
22
Let u be ((-1)/(-2))/(15/180). Calculate the highest common divisor of 48 and u.
6
Let b be 4/(4/1) + 16 + -1. What is the greatest common factor of 16 and b?
16
Let a(g) = -95*g. Let b be a(-1). Let w = -13 + 18. Suppose -2*x = w*k - 180, 3*x + x = -20. What is the highest common divisor of b and k?
19
Suppose 3*m = 4*h - 0*m - 78, -5*h + 86 = 2*m. Let v be (-4)/h + 1456/72. What is the greatest common factor of 8 and v?
4
Let q = -25 - 35. Let p be 10/q + (-38)/(-12). Let o be (-110)/(-4) - (-2)/(-4). What is the greatest common divisor of o and p?
3
Let s = -7 + 9. Suppose -10 + 0 = -2*b + 3*m, 0 = -3*b - s*m + 15. Calculate the highest common factor of b and 15.
5
Suppose 0 = -n + 5*x - 4, 8*x = 4*x - 4. Let l(t) = -t**2 - 9*t + 10. Let j be l(n). What is the greatest common factor of 70 and j?
10
Let v(x) = -x - 3. Let z be v(-4). Let a(o) = 16*o - 2*o - o + 1. Let q be a(z). Calculate the highest common factor of q and 70.
14
Let h(i) = 4*i**2 - 4*i - 3. Let d be h(5). Let u = 1 + -1. Suppose -2*m = -u*m - 14. Calculate the highest common divisor of d and m.
7
Let g(p) = p**2 - 3*p + 11. Let m be g(8). Calculate the highest common divisor of m and 17.
17
Let l(q) = -92*q**3 + 2*q**2 - 1. Let a be l(-1). Suppose 2*d + 3 = 11, 5*s = 3*d + a. Calculate the highest common factor of s and 168.
21
Let o be (-1)/5 - 1760/(-50). Suppose 4*p = 17 + o. Let x be 129 - (1*-1)/1. What is the greatest common divisor of p and x?
13
Let m(j) = j**2 - j - 32. Let r be m(-6). Calculate the highest common factor of 4 and r.
2
Let z = 26 - 4. What is the highest common factor of z and 55?
11
Suppose 0 = -5*n + 126 - 16. Let q be ((-3)/6)/(2/(-32)). Let u be (-2)/8 - (-90)/q. Calculate the greatest common factor of u and n.
11
Let q = 42 - 2. Let b(n) = n. Let j be b(5). Let m be j*20/(-6)*-6. Calculate the greatest common divisor of m and q.
20
Let w(b) = -b**2 - b + 55. Let o be w(0). Suppose 27*q - 30*q = -15. Calculate the highest common divisor of o and q.
5
Let l = 86 + -20. What is the greatest common divisor of 22 and l?
22
Suppose 2*w - g = 7*w - 30, -5*w + 2*g = -45. Suppose -7*s = -5*s - 42. Calculate the highest common factor of w and s.
7
Suppose -4*i + 2*i + 22 = 0. Suppose -2*t + 76 = -12. What is the highest common factor of t and i?
11
Suppose 4*l - 4 - 4 = -3*g, -2*g + 8 = 4*l. What is the greatest common factor of l and 18?
2
Let t be ((-3)/((-3)/(-5)))/1. Let f be 6/(1/t*-2). Calculate the greatest common divisor of 120 and f.
15
Suppose 0 = -6*i + 9*i. Let r be -4 - -166 - i/(-1). What is the greatest common divisor of r and 18?
18
Let w = -6 + 8. Suppose -3*f + 85 = w*f. Let b = 33 - f. What is the highest common factor of 64 and b?
16
Let y be (-1)/4 - 22197/(-84). Calculate the greatest common divisor of y and 24.
24
Let a be (-2 + -2)*((-5)/(-5) + -5). What is the greatest common divisor of 4 and a?
4
Let i = -89 - -104. Calculate the highest common divisor of i and 75.
15
Suppose -4*r = -4*f - r + 93, 0 = -3*f - r + 73. Calculate the greatest common divisor of f and 16.
8
Let b be ((-1)/6)/((-2)/(-8))*-9. What is the greatest common factor of b and 4?
2
Let a be -5 + 16/(-12)*-30. Calculate the greatest common divisor of 5 and a.
5
Let b = 10 + -5. Let w = b + 28. What is the highest common factor of 3 and w?
3
Suppose 2*y - 75 = -0*y - 3*u, 113 = 3*y + 5*u. What is the highest common factor of y and 9?
9
Suppose d = -5, -3*q + q + d = -9. Suppose -i + q = -7. Calculate the greatest common divisor of 81 and i.
9
Suppose 16 = 2*i - i + 5*o, -4*i + 114 = -5*o. What is the highest common divisor of 52 and i?
26
Let q(w) = -w**2 - 10*w - 11. Let t be q(-8). Suppose -3*m = -12, 64 = h + 3*h + t*m. What is the highest common factor of 44 and h?
11
Let d(r) = -r**3 - 8*r**2 + 3*r + 5. Let t be d(-8). Let x = t - -35. Calculate the highest common factor of 40 and x.
8
Suppose 0 = -2*t - 1 - 5. Let d be -36*(7 + t)/(-2). Calculate the greatest common factor of d and 18.
18
Let z(i) = i - 4. Let t be z(6). Let a be (t/(-3))/((-1)/216). Calculate the highest common factor of a and 16.
16
Let p(f) = -17*f - 8. Let v be p(-2). Calculate the highest common factor of v and 13.
13
Let k = -9 + 156. Calculate the greatest common divisor of k and 21.
21
Let r = -2 + 18. What is the greatest common divisor of 4 and r?
4
Let i be 24/2*20/15. Suppose 4*w + 0*w - i = 0. What is the highest common factor of 1 and w?
1
Suppose 11*p - 14*p = -81. Calculate the highest common divisor of p and 216.
27
Let x(c) = -c**2 - 12*c + 7. Let b be x(-10). Calculate the highest common factor of b and 3.
3
Let b(z) = 43*z**3 + 2*z**2 - z. Let t be b(1). Let d = 109 + t. Suppose 4*q - 32 = 36. What is the greatest common divisor of d and q?
17
Suppose 0*n = -4*n. Suppose 2*r + 4*u - 30 = -n*r, 2*r - 5*u = -6. What is the highest common factor of 7 and r?
7
Let g = 2 - 0. Calculate the greatest common factor of g and 5.
1
Suppose 20*n - 35 = 16*n - c, -5*c = 3*n - 5. Suppose 7 + 3 = i. Calculate the greatest common factor of n and i.
10
Let w(u) = 2*u**2 - 50*u + 53. Let o be w(24). Calculate the greatest common factor of o and 105.
5
Let f = 20 + -